{"id":243,"date":"2013-11-27T09:36:17","date_gmt":"2013-11-27T08:36:17","guid":{"rendered":"http:\/\/ikar.hr\/wordpress\/?page_id=243"},"modified":"2015-09-28T20:38:02","modified_gmt":"2015-09-28T18:38:02","slug":"umjetnicki-kutak","status":"publish","type":"page","link":"https:\/\/ikar.hr\/wordpress\/umjetnicki-kutak\/","title":{"rendered":"Umjetni\u010dki kutak"},"content":{"rendered":"<p>Na na\u0161im stranicama mo\u017eete pogledati radove mladih umjetnika.\u00a0\u00a0Rado vidjen gost u na\u0161oj trgovini i na Va\u0161im zidovima je Eduardo Filipovi\u0107 SEC.<\/p>\n<p>&nbsp;<\/p>\n<p><a href=\"http:\/\/ikar.hr\/wordpress\/wp-content\/uploads\/2013\/11\/sec.jpg\"><img loading=\"lazy\" class=\"alignnone size-full wp-image-257\" src=\"http:\/\/ikar.hr\/wordpress\/wp-content\/uploads\/2013\/11\/sec.jpg\" alt=\"sec\" width=\"520\" height=\"520\" srcset=\"https:\/\/ikar.hr\/wordpress\/wp-content\/uploads\/2013\/11\/sec.jpg 520w, https:\/\/ikar.hr\/wordpress\/wp-content\/uploads\/2013\/11\/sec-150x150.jpg 150w, https:\/\/ikar.hr\/wordpress\/wp-content\/uploads\/2013\/11\/sec-300x300.jpg 300w, https:\/\/ikar.hr\/wordpress\/wp-content\/uploads\/2013\/11\/sec-370x370.jpg 370w\" sizes=\"(max-width: 520px) 100vw, 520px\" \/><\/a><\/p>\n<p>&nbsp;<\/p>\n<p>&nbsp;<\/p>\n<p>Galeriju njegovih radova mo\u017eete pogledati\u00a0<a href=\"http:\/\/www.secnsk.com\/\" target=\"_blank\">ovdje.<\/a><\/p>\n<p>Jo\u0161 dvije umjetnice koje rade na ispunjavanju va\u0161ih \u017eelja su Marina i Veronika.. radove kojih mo\u017eete pogledati na njihovoj fb stranici toobix<\/p>\n<p><a href=\"https:\/\/www.facebook.com\/ToobixArt?fref=ts\">https:\/\/www.facebook.com\/ToobixArt?fref=ts<\/a><\/p>\n<p><a href=\"http:\/\/ikar.hr\/wordpress\/wp-content\/uploads\/2013\/11\/toobix.jpg\"><img loading=\"lazy\" class=\"alignnone size-full wp-image-289\" src=\"http:\/\/ikar.hr\/wordpress\/wp-content\/uploads\/2013\/11\/toobix.jpg\" alt=\"toobix\" width=\"634\" height=\"720\" srcset=\"https:\/\/ikar.hr\/wordpress\/wp-content\/uploads\/2013\/11\/toobix.jpg 634w, https:\/\/ikar.hr\/wordpress\/wp-content\/uploads\/2013\/11\/toobix-264x300.jpg 264w, https:\/\/ikar.hr\/wordpress\/wp-content\/uploads\/2013\/11\/toobix-325x370.jpg 325w, https:\/\/ikar.hr\/wordpress\/wp-content\/uploads\/2013\/11\/toobix-132x150.jpg 132w\" sizes=\"(max-width: 634px) 100vw, 634px\" \/><\/a><\/p>\n","protected":false},"excerpt":{"rendered":"<p>Na na\u0161im stranicama mo\u017eete pogledati radove mladih umjetnika.\u00a0\u00a0Rado vidjen gost u na\u0161oj trgovini i na Va\u0161im zidovima je Eduardo Filipovi\u0107 SEC. &nbsp; &nbsp; &nbsp; Galeriju njegovih radova mo\u017eete pogledati\u00a0ovdje. Jo\u0161 dvije umjetnice koje rade na ispunjavanju va\u0161ih \u017eelja su Marina i Veronika.. radove kojih mo\u017eete pogledati na njihovoj fb stranici \u2026 <a class=\"continue-reading-link\" href=\"https:\/\/ikar.hr\/wordpress\/umjetnicki-kutak\/\"> Continue reading <span class=\"meta-nav\">&rarr; <\/span><\/a><\/p>\n","protected":false},"author":1,"featured_media":0,"parent":0,"menu_order":0,"comment_status":"closed","ping_status":"closed","template":"","meta":[],"_links":{"self":[{"href":"https:\/\/ikar.hr\/wordpress\/wp-json\/wp\/v2\/pages\/243"}],"collection":[{"href":"https:\/\/ikar.hr\/wordpress\/wp-json\/wp\/v2\/pages"}],"about":[{"href":"https:\/\/ikar.hr\/wordpress\/wp-json\/wp\/v2\/types\/page"}],"author":[{"embeddable":true,"href":"https:\/\/ikar.hr\/wordpress\/wp-json\/wp\/v2\/users\/1"}],"replies":[{"embeddable":true,"href":"https:\/\/ikar.hr\/wordpress\/wp-json\/wp\/v2\/comments?post=243"}],"version-history":[{"count":19,"href":"https:\/\/ikar.hr\/wordpress\/wp-json\/wp\/v2\/pages\/243\/revisions"}],"predecessor-version":[{"id":469,"href":"https:\/\/ikar.hr\/wordpress\/wp-json\/wp\/v2\/pages\/243\/revisions\/469"}],"wp:attachment":[{"href":"https:\/\/ikar.hr\/wordpress\/wp-json\/wp\/v2\/media?parent=243"}],"curies":[{"name":"wp","href":"https:\/\/api.w.org\/{rel}","templated":true}]}}